 958545461?
163, 197, 29851
What are the prime factors of 300361354?
2, 150180677
List the prime factors of 15714037.
23, 137, 4987
What are the prime factors of 3557392458?
2, 3, 19, 257, 121421
What are the prime factors of 514580110?
2, 5, 11, 1051, 4451
List the prime factors of 75522193.
379, 199267
List the prime factors of 121068622.
2, 4639, 13049
List the prime factors of 3545032.
2, 443129
List the prime factors of 2267555438.
2, 17, 191, 349177
List the prime factors of 527985444.
2, 3, 7, 6285541
List the prime factors of 48120562.
2, 7, 293, 11731
List the prime factors of 2661654712.
2, 332706839
List the prime factors of 989873192.
2, 7, 11, 311, 5167
List the prime factors of 2612165876.
2, 653041469
List the prime factors of 465862834.
2, 232931417
What are the prime factors of 54847266?
2, 3, 281, 32531
List the prime factors of 1192839603.
3, 397613201
What are the prime factors of 87393678?
2, 3, 181, 80473
What are the prime factors of 354421326?
2, 3, 7, 19, 31, 14327
What are the prime factors of 71658151?
223, 383, 839
List the prime factors of 1051417524.
2, 3, 59, 107, 13879
List the prime factors of 28871209.
103, 280303
List the prime factors of 188008071.
3, 71, 79, 11173
What are the prime factors of 1083509592?
2, 3, 11, 4104203
List the prime factors of 321163893.
3, 29, 410171
List the prime factors of 50482977.
3, 53, 317503
List the prime factors of 1387472833.
17, 81616049
List the prime factors of 776467159.
13, 59728243
List the prime factors of 210798442.
2, 2903, 36307
What are the prime factors of 3205951512?
2, 3, 73, 887, 2063
List the prime factors of 227063340.
2, 3, 5, 7, 307, 587
What are the prime factors of 237974567?
237974567
List the prime factors of 17911982.
2, 11, 17, 47, 1019
List the prime factors of 4416237604.
2, 1104059401
List the prime factors of 485322178.
2, 11, 181, 307, 397
List the prime factors of 1833549034.
2, 1093, 838769
List the prime factors of 1943952.
2, 3, 40499
What are the prime factors of 798912659?
23, 727, 47779
List the prime factors of 2380754032.
2, 97, 173, 8867
What are the prime factors of 24979746?
2, 3, 11, 461, 821
What are the prime factors of 182392700?
2, 5, 7, 37223
What are the prime factors of 30517840?
2, 5, 433, 881
List the prime factors of 47724290.
2, 5, 1249, 3821
List the prime factors of 248777010.
2, 3, 5, 863, 3203
List the prime factors of 5287139.
11, 13, 36973
List the prime factors of 125363624.
2, 101, 155153
What are the prime factors of 7963413?
3, 19, 139709
What are the prime factors of 90477689?
17, 5322217
List the prime factors of 43906277.
149, 294673
What are the prime factors of 27559533?
3, 17, 540383
List the prime factors of 365581329.
3, 113, 1078411
List the prime factors of 13665838.
2, 53, 128923
List the prime factors of 2768203301.
83, 191, 174617
What are the prime factors of 9052265?
5, 19, 95287
List the prime factors of 394498780.
2, 5, 13, 59, 25717
List the prime factors of 1095735363.
3, 365245121
What are the prime factors of 1730166818?
2, 467, 1852427
List the prime factors of 13301782.
2, 13, 61, 8387
What are the prime factors of 129456499?
129456499
List the prime factors of 1832381422.
2, 751, 1219961
What are the prime factors of 13890916?
2, 13, 267133
List the prime factors of 228637808.
2, 7, 499, 4091
List the prime factors of 25833023.
25833023
List the prime factors of 132267504.
2, 3, 647, 4259
List the prime factors of 4983198784.
2, 1021, 76261
List the prime factors of 58490541.
3, 23, 282563
List the prime factors of 254215585.
5, 13, 3911009
What are the prime factors of 407049625?
5, 3256397
What are the prime factors of 26486687?
149, 177763
List the prime factors of 264341096.
2, 599, 55163
What are the prime factors of 106549115?
5, 17, 1253519
List the prime factors of 1089255459.
3, 23, 15786311
What are the prime factors of 719703189?
3, 23, 3476827
List the prime factors of 2225553887.
101, 1493, 14759
List the prime factors of 3910652.
2, 97, 10079
List the prime factors of 451742945.
5, 90348589
List the prime factors of 3590601300.
2, 3, 5, 11, 13, 23, 1213
What are the prime factors of 375050221?
7, 13, 4121431
What are the prime factors of 531262603?
61, 1033, 8431
List the prime factors of 433287475.
5, 101, 1699
What are the prime factors of 5276532011?
23053, 228887
What are the prime factors of 490548104?
2, 3299, 18587
List the prime factors of 538477053.
3, 179492351
What are the prime factors of 2044463814?
2, 3, 131, 96337
What are the prime factors of 23858596?
2, 2383, 2503
What are the prime factors of 131692315?
5, 26338463
List the prime factors of 2343448398.
2, 3, 41, 827, 11519
What are the prime factors of 2870681582?
2, 439, 491, 6659
List the prime factors of 426461730.
2, 3, 5, 31, 139, 3299
List the prime factors of 279634278.
2, 3, 7, 11, 86467
List the prime factors of 92427044.
2, 127, 181943
What are the prime factors of 6060255515?
5, 1212051103
List the prime factors of 114384021.
3, 79, 482633
List the prime factors of 186896283.
3, 7, 17, 523519
What are the prime factors of 196183844?
2, 49045961
List the prime factors of 1715743985.
5, 19, 18060463
List the prime factors of 232824189.
3, 13, 107, 55793
What are the prime factors of 849273160?
2, 5, 23, 923123
What are the prime factors of 2116342281?
3, 705447427
List the prime factors of 1599530741.
2861, 559081
What are the prime factors of 12931864?
2, 11, 146953
What are the prime factors of 148939039?
4153, 35863
What are the prime factors of 251505624?
2, 3, 43, 243707
What are the prime factors of 48245614?
2, 24122807
What are the prime factors of 1548606555?
3, 5, 1723, 19973
List the prime factors of 283350351.
3, 94450117
List the prime factors of 139976260.
2, 5, 191, 36643
What are the prime factors of 1309955839?
29, 4241, 10651
What are the prime factors of 53411061?
3, 11, 1618517
What are the prime factors of 1576975589?
7, 225282227
List the prime factors of 84164699.
19, 29, 103, 1483
List the prime factors of 6618585807.
3, 73, 283, 35597
List the prime factors of 512260691.
19, 26961089
What are the prime factors of 1644332510?
2, 5, 181, 908471
What are the prime factors of 473078561?
43, 11001827
List the prime factors of 860514512.
2, 11, 13, 376099
What are the prime factors of 120871077?
3, 31, 1299689
What are the prime factors of 320786825?
5, 1063, 12071
What are the prime factors of 4317351?
3, 19, 75743
List the prime factors of 253454071.
13, 17, 463, 2477
List the prime factors of 12201958.
2, 653, 9343
List the prime factors of 104900444.
2, 11, 19, 179, 701
List the prime factors of 164886252.
2, 3, 43, 319547
What are the prime factors of 1257276719?
1257276719
List the prime factors of 25652749.
197, 661
What are the prime factors of 929747605?
5, 185949521
List the prime factors of 65538392.
2, 8192299
List the prime factors of 118361352.
2, 3, 1109, 4447
What are the prime factors of 268961045?
5, 6949, 7741
List the prime factors of 1535922854.
2, 767961427
List the prime factors of 1657009136.
2, 1181, 87691
List the prime factors of 1166302587.
3, 71, 2339, 2341
What are the prime factors of 311722041?
3, 103907347
What are the prime factors of 751877550?
2, 3, 5, 263, 6353
List the prime factors of 7760090.
2, 5, 13, 59693
List the prime factors of 218035960.
2, 5, 61, 193, 463
List the prime factors of 579210269.
11, 19, 2771341
List the prime factors of 179028218.
2, 6863, 13043
What are the prime factors of 6242731659?
3, 693636851
What are the prime factors of 265040622?
2, 3, 7, 11, 191227
List the prime factors of 4552533371.
20047, 227093
List the prime factors of 232457329.
13, 17881333
What are the prime factors of 41856704?
2, 654011
What are the prime factors of 82400340?
2, 3, 5, 11, 19, 6571
What are the prime factors of 515839730?
2, 5, 7, 1783, 4133
List the prime factors of 744568647.
3, 6761, 36709
What are the prime factors of 785047776?
2, 3, 19, 23, 18713
List the prime factors of 46955683.
17, 577, 4787
What are the prime factors of 139514632?
2, 31, 79, 7121
What are the prime factors of 74073914?
2, 37036957
List the prime factors of 179262484.
2, 17, 37, 71249
What are the prime factors of 105260168?
2, 13, 857, 1181
List th